{"id":2070,"date":"2012-01-18T15:54:54","date_gmt":"2012-01-18T14:54:54","guid":{"rendered":"http:\/\/www.missterre.org\/blog\/?page_id=2070"},"modified":"2016-09-28T15:06:48","modified_gmt":"2016-09-28T13:06:48","slug":"membre","status":"publish","type":"page","link":"https:\/\/www.missterre.org\/blog\/membre\/","title":{"rendered":"Membre"},"content":{"rendered":"<p style=\"text-align: justify;\">D\u00e9couvrez, rencontrez, et d\u00e9voilez-vous via votre profil membre, dans le R\u00c9SEAU SOCIAL pour et par les acteurs du changement pour un monde meilleur. Trouvez le groupe qui correspond \u00e0 votre besoin, rencontrez-vous et cr\u00e9ez les synergies. Pr\u00e9sentez-vous, offrez vos comp\u00e9tences, et... partagez\u00a0! Ainsi vous pouvez faire partie d\u2019autant de groupes que vous avez d\u2019int\u00e9r\u00eats \u00e0 rechercher de nouvelles ressources pour vivre en harmonie sur Miss Terre\u2026 notre petite communaut\u00e9.<\/p>\n<p style=\"text-align: justify;\"><strong><span style=\"font-size: large;\">Le petit clic pour le grand choc citoyen : <a href=\"http:\/\/www.missterre.org\/blog\/inscription\/\" target=\"_blank\">Cr\u00e9ez votre profil<\/a><\/span><\/strong><\/p>\n<p style=\"text-align: justify;\">Vous voulez repr\u00e9senter un groupe ou une entreprise qui r\u00e9pondrait \u00e0 un besoin de notre communaut\u00e9\u00a0? Devenez mod\u00e9rateur\u00a0: <a title=\"contactez-nous\" href=\"\/blog\/?page_id=1355\">contactez-nous.<\/a><\/p>\n<p style=\"text-align: justify;\">Il y a 4 sortes de membre\u00a0:<\/p>\n<p style=\"text-align: justify;\"><span style=\"text-decoration: underline;\"><span style=\"font-size: medium;\"><strong><span style=\"font-size: medium;\"><a class=\"thickbox\" href=\"http:\/\/www.missterre.org\/blog\/wp-content\/uploads\/2012\/01\/surfeurderessources.jpg\"><img loading=\"lazy\" decoding=\"async\" class=\"alignleft wp-image-2248\" style=\"border-radius: 5px;\" title=\"surfeur de ressources\" src=\"http:\/\/www.missterre.org\/blog\/wp-content\/uploads\/2012\/01\/surfeurderessources-300x300.jpg\" alt=\"\" width=\"168\" height=\"168\" srcset=\"https:\/\/www.missterre.org\/blog\/wp-content\/uploads\/2012\/01\/surfeurderessources-300x300.jpg 300w, https:\/\/www.missterre.org\/blog\/wp-content\/uploads\/2012\/01\/surfeurderessources-150x150.jpg 150w, https:\/\/www.missterre.org\/blog\/wp-content\/uploads\/2012\/01\/surfeurderessources.jpg 301w\" sizes=\"(max-width: 168px) 100vw, 168px\" \/><\/a><\/span><\/strong><\/span><\/span><\/p>\n<p style=\"text-align: justify;\"><span style=\"text-decoration: underline;\"><span style=\"font-size: medium;\"><strong><span style=\"font-size: medium;\">Le surfeur de ressources\u00a0:<\/span><\/strong><\/span><\/span> c'est le membre adh\u00e9rent\u00a0: il surfe sur la vague des nouvelles ressources, sur le net et dans notre communaut\u00e9. Il y apporte des infos, ou y trouve les solutions qu'il recherche.\u00a0 Le surfeur apporte ses comp\u00e9tences \u00e0 la communaut\u00e9 en posant ses questions ou en apportant ses lumi\u00e8res aux autres membres dans les forums et groupes de discussions.<\/p>\n<p style=\"text-align: justify;\"><a title=\"Cr\u00e9ez votre profil membre !\" href=\"\/blog\/sinscrire\">Int\u00e9ress\u00e9\u00a0? Devenir surfeur de ressources.<\/a><\/p>\n<p style=\"text-align: justify;\"><a class=\"thickbox\" href=\"http:\/\/www.missterre.org\/blog\/wp-content\/uploads\/2012\/01\/PEV.jpg\"><img loading=\"lazy\" decoding=\"async\" class=\" wp-image-2249 alignright\" style=\"border-radius: 5px 5px 5px 5px;\" title=\"Le bonheur n\u2019est rien d\u2019autre que la satisfaction du plus grand nombre possible de besoins, de d\u00e9sirs. Mes amis (les Eskimos), autour de moi, sont souvent heureux : ils ont peu de besoins Il leur est donc facile de les satisfaire tous, souvent. \u00bb Paul-\u00c9mile Victor dans L\u2019iglou \" src=\"http:\/\/www.missterre.org\/blog\/wp-content\/uploads\/2012\/01\/PEV-300x300.jpg\" alt=\"Paul Emile Victor\" width=\"168\" height=\"168\" srcset=\"https:\/\/www.missterre.org\/blog\/wp-content\/uploads\/2012\/01\/PEV-300x300.jpg 300w, https:\/\/www.missterre.org\/blog\/wp-content\/uploads\/2012\/01\/PEV-150x150.jpg 150w, https:\/\/www.missterre.org\/blog\/wp-content\/uploads\/2012\/01\/PEV.jpg 322w\" sizes=\"(max-width: 168px) 100vw, 168px\" \/><\/a><\/p>\n<p style=\"text-align: justify;\"><span style=\"text-decoration: underline;\"><span style=\"font-size: medium;\"><strong>L'explorateur citoyen\u00a0:<\/strong><\/span><\/span> a un projet, une id\u00e9e, ou une entreprise qui correspond d\u00e9j\u00e0 \u00e0 ses besoins. Il les pr\u00e9sente \u00e0 la communaut\u00e9 via le r\u00e9seau pour Vivre autrement. Son r\u00f4le dans la communaut\u00e9 est de... poursuivre sa recherche de profit en solidarit\u00e9 avec la communaut\u00e9. Exemple : <a title=\"Christian LAGRANGE, et le guide du mieux vivre. \" href=\"http:\/\/www.missterre.org\/blog\/explo\/?cat=53\">Christian \u00e9crit des livres \u00ab pour vivre mieux\u00a0\u00bb<\/a> , gr\u00e2ce \u00e0 vous, et au r\u00e9seau social il obtient votre contribution pour mener ses enqu\u00eates. Miss Terre pr\u00e9sente ses \u0153uvres en ligne. La plus-value solidaire c'est\u00a0cet accord de partage.<\/p>\n<p style=\"text-align: justify;\"><a href=\"http:\/\/www.missterre.org\/blog\/inscription\/\" target=\"_blank\">Int\u00e9ress\u00e9 ? Devenir explorateur citoyen<\/a><\/p>\n<p style=\"text-align: justify;\"><span style=\"text-decoration: underline;\"><strong><span style=\"font-size: medium;\"><span style=\"font-size: medium;\"><img loading=\"lazy\" decoding=\"async\" class=\"alignleft\" style=\"border-radius: 5px 5px 5px 5px;\" title=\"ELLO Moblie est une compagnie de t\u00e9l\u00e9phone tout \u00e0 fait particuli\u00e8re; elle reverse ses b\u00e9n\u00e9fices \u00e0 des oeuvres humanitaires\" src=\"http:\/\/www.missterre.org\/blog\/wp-content\/uploads\/2012\/04\/ello.jpg\" alt=\"\" width=\"168\" height=\"168\" \/><br \/>\nL'actionnaire du monde meilleur\u00a0:<\/span><\/span><\/strong><\/span>\u00a0 nous proposons \u00e0 ces collaborateurs un r\u00e9el \u00e9change partenaire, par la construction d'outils n\u00e9cessaires pour satisfaire nos besoins et les partager.<\/p>\n<p style=\"text-align: justify;\"><span style=\"color: #000000;\">L'actionnaire devient membre effectif de la communaut\u00e9 et partage ses b\u00e9n\u00e9fices.<\/span><\/p>\n<p style=\"text-align: justify;\"><a href=\"http:\/\/www.missterre.org\/blog\/inscription\/\" target=\"_blank\">Int\u00e9ress\u00e9 ? Devenir actionnaire.<\/a><\/p>\n<p style=\"text-align: justify;\"><span style=\"text-decoration: underline;\"><span style=\"font-size: medium;\"><strong>Le Membre Donneur\u00a0:<\/strong><\/span><\/span> est le sympathisant d'honneur, n\u2019a pas le temps, il a trop \u00ab d'obligations\u00a0\u00bb pour partager. Le membre Donneur est un privil\u00e9gi\u00e9, pr\u00e9sent\u00e9 par un article de fond, il est invit\u00e9 aux \u00e9v\u00e9nements de la communaut\u00e9. Notre objectif\u00a0? Que\u00a0ce don devienne, un jour, b\u00e9n\u00e9fice commun, un v\u00e9ritable \u00e9change win-win.<\/p>\n<p style=\"text-align: justify;\"><a href=\"http:\/\/www.missterre.org\/blog\/inscription\/\" target=\"_blank\">Int\u00e9ress\u00e9\u00a0? Devenir membre Donneur<code>.<\/code><\/a><\/p>\n","protected":false},"excerpt":{"rendered":"<p>D\u00e9couvrez, rencontrez, et d\u00e9voilez-vous via votre profil membre, dans le R\u00c9SEAU SOCIAL pour et par les acteurs du changement pour un monde meilleur. Trouvez le groupe qui correspond \u00e0 votre besoin, rencontrez-vous et cr\u00e9ez les synergies. Pr\u00e9sentez-vous, offrez vos comp\u00e9tences, et&#8230; partagez\u00a0! Ainsi vous pouvez faire partie d\u2019autant de groupes que vous avez d\u2019int\u00e9r\u00eats \u00e0 [&hellip;]<\/p>\n","protected":false},"author":2,"featured_media":4096,"parent":0,"menu_order":1,"comment_status":"closed","ping_status":"closed","template":"","meta":{"_bbp_topic_count":0,"_bbp_reply_count":0,"_bbp_total_topic_count":0,"_bbp_total_reply_count":0,"_bbp_voice_count":0,"_bbp_anonymous_reply_count":0,"_bbp_topic_count_hidden":0,"_bbp_reply_count_hidden":0,"_bbp_forum_subforum_count":0,"footnotes":""},"_links":{"self":[{"href":"https:\/\/www.missterre.org\/blog\/wp-json\/wp\/v2\/pages\/2070"}],"collection":[{"href":"https:\/\/www.missterre.org\/blog\/wp-json\/wp\/v2\/pages"}],"about":[{"href":"https:\/\/www.missterre.org\/blog\/wp-json\/wp\/v2\/types\/page"}],"author":[{"embeddable":true,"href":"https:\/\/www.missterre.org\/blog\/wp-json\/wp\/v2\/users\/2"}],"replies":[{"embeddable":true,"href":"https:\/\/www.missterre.org\/blog\/wp-json\/wp\/v2\/comments?post=2070"}],"version-history":[{"count":2,"href":"https:\/\/www.missterre.org\/blog\/wp-json\/wp\/v2\/pages\/2070\/revisions"}],"predecessor-version":[{"id":6277,"href":"https:\/\/www.missterre.org\/blog\/wp-json\/wp\/v2\/pages\/2070\/revisions\/6277"}],"wp:featuredmedia":[{"embeddable":true,"href":"https:\/\/www.missterre.org\/blog\/wp-json\/wp\/v2\/media\/4096"}],"wp:attachment":[{"href":"https:\/\/www.missterre.org\/blog\/wp-json\/wp\/v2\/media?parent=2070"}],"curies":[{"name":"wp","href":"https:\/\/api.w.org\/{rel}","templated":true}]}}