{"id":525,"date":"2016-05-20T15:25:59","date_gmt":"2016-05-20T14:25:59","guid":{"rendered":"http:\/\/www.missterre.org\/blog\/immosolidair\/?page_id=525"},"modified":"2021-07-11T11:28:28","modified_gmt":"2021-07-11T10:28:28","slug":"quand-les-biens-deviennent-des-liens","status":"publish","type":"page","link":"https:\/\/www.missterre.org\/blog\/immosolidair\/","title":{"rendered":"Des maisons \u00e0 projets Citoyen !"},"content":{"rendered":"<h3 style=\"text-align: center;\"><span style=\"font-family: tahoma,arial,helvetica,sans-serif;\"><span style=\"color: #ff9900;\">ImmoSolid<em>air<\/em><\/span> <span style=\"color: #808080;\"><em>est un projet pilote qui propose aux propri\u00e9taires de biens immeubles d'offrir la r\u00e9gie de leur maison en vue de soutenir un projet \u00e0 finalit\u00e9 sociale ou solidaire qui leur tient \u00e0 c\u0153ur, tout en offrant aux locataires la cogestion de la valeur ajout\u00e9e pour r\u00e9aliser leur projet!<\/em><\/span><\/span><\/h3>\n<h3><strong><span style=\"font-family: tahoma,arial,helvetica,sans-serif; color: #808080;\"><span style=\"color: #ff9900;\">Propri\u00e9taire, locataire et professionnel<\/span> s'associent et chacun \u00e0 son niveau peut jouer un r\u00f4le selon ses comp\u00e9tences. 33\u00a0% des loyers sont cog\u00e9r\u00e9s en cascade, du propri\u00e9taire au r\u00e9gisseur &amp; coordinateur puis aux r\u00e9sidents pour soutenir un projet commun citoyen. Ceci, via des participations actives et volontaires de chacun (r\u00e9sidents, propri\u00e9taires, intervenant externe...)\u00a0 selon leurs souhaits et disponibilit\u00e9s.\u00a0 Les parts participatives pour les locataires sont en d\u00e9duction de parties de loyers.<br \/>\n<\/span><\/strong><\/h3>\n<ul>\n<li style=\"text-align: left;\">\n<h3><span style=\"font-family: tahoma,arial,helvetica,sans-serif; color: #ff9900;\">Selon une cl\u00e9 de r\u00e9partition solidaire<\/span><\/h3>\n<\/li>\n<\/ul>\n<ul>\n<li style=\"text-align: left;\">\n<ul>\n<li>\n<h3><span style=\"font-family: tahoma,arial,helvetica,sans-serif; color: #808080;\">Gestion du projet commun\u00a0: 10\u00a0%<\/span><\/h3>\n<\/li>\n<li style=\"text-align: left;\">\n<h3><span style=\"font-family: tahoma,arial,helvetica,sans-serif; color: #808080;\">Gestion administrative journali\u00e8re : 10 %<\/span><\/h3>\n<\/li>\n<li style=\"text-align: left;\">\n<h3><span style=\"font-family: tahoma,arial,helvetica,sans-serif; color: #808080;\">Maintenance &amp; p\u00e9rennisation : 10 %<\/span><\/h3>\n<\/li>\n<li style=\"text-align: left;\">\n<h3><span style=\"font-family: tahoma,arial,helvetica,sans-serif; color: #808080;\">Gestion juridique &amp; technique : 3 %<\/span><\/h3>\n<\/li>\n<\/ul>\n<\/li>\n<\/ul>\n<p>&nbsp;<\/p>\n<ul>\n<li>\n<h3><strong><span style=\"font-family: tahoma,arial,helvetica,sans-serif; color: #808080;\">via un mandat-bail de gestion \u00e0 but social (9 ans) ou un mandat de r\u00e9gisseur solidaire (3 ans) <\/span><span style=\"font-family: tahoma,arial,helvetica,sans-serif; color: #808080;\">et un plan de maintenance\/p\u00e9rennisation du bien au service du projet,<\/span><\/strong><\/h3>\n<\/li>\n<li>\n<h3><strong><span style=\"font-family: tahoma,arial,helvetica,sans-serif; color: #808080;\">et une cogestion\/ autogestion en cascade - du propri\u00e9taire au mandataire, au coordonnateur local, aux r\u00e9sidents coop\u00e9rants. <\/span><\/strong><\/h3>\n<\/li>\n<li>\n<h3><strong><span style=\"font-family: tahoma,arial,helvetica,sans-serif; color: #808080;\">o\u00f9 chacun est responsable de sa participation (fonction, responsabilit\u00e9, projet) et en lien (maintien du leadership).<\/span><\/strong><\/h3>\n<\/li>\n<li>\n<h3><strong><span style=\"color: #808080;\"><span style=\"font-family: tahoma,arial,helvetica,sans-serif;\">r\u00e9uni en une association (de fait) \u00e0 but de profit solidaire (ABPS). Le profit est r\u00e9alisation du projet commun<\/span><\/span><\/strong><\/h3>\n<\/li>\n<\/ul>\n<p>le projet immoSolidair sera reproductible d\u00e8s la r\u00e9alisation du projet pilote de la premi\u00e8re maison \u00e0 projet <a href=\"https:\/\/www.missterre.org\/blog\/immosolidair\/?page_id=107\">la r\u00e9sidence human's land.<\/a><\/p>\n<div class=\"slideshow\"><div id=\"ngg_slideshow95251\" class=\"ngg-slideshow owl-carousel\" style=\"max-width: 600px; max-height: 450px;\"><img decoding=\"async\" src=\"https:\/\/www.missterre.org\/blog\/immosolidair\/wp-content\/blogs.dir\/9\/files\/accueil\/1.jpg\" alt=\"1\" style=\"max-width: 600px; max-height: 450px; width: auto; height:auto; margin:auto\"><img decoding=\"async\" src=\"https:\/\/www.missterre.org\/blog\/immosolidair\/wp-content\/blogs.dir\/9\/files\/accueil\/2.jpg\" alt=\"2\" style=\"max-width: 600px; max-height: 450px; width: auto; height:auto; margin:auto\"><img decoding=\"async\" src=\"https:\/\/www.missterre.org\/blog\/immosolidair\/wp-content\/blogs.dir\/9\/files\/accueil\/3.jpg\" alt=\"3\" style=\"max-width: 600px; max-height: 450px; width: auto; height:auto; margin:auto\"><img decoding=\"async\" src=\"https:\/\/www.missterre.org\/blog\/immosolidair\/wp-content\/blogs.dir\/9\/files\/accueil\/4.jpg\" alt=\"4\" style=\"max-width: 600px; max-height: 450px; width: auto; height:auto; margin:auto\"><img decoding=\"async\" src=\"https:\/\/www.missterre.org\/blog\/immosolidair\/wp-content\/blogs.dir\/9\/files\/accueil\/cedric_0.jpg\" alt=\"cedric_0\" style=\"max-width: 600px; max-height: 450px; width: auto; height:auto; margin:auto\"><img decoding=\"async\" src=\"https:\/\/www.missterre.org\/blog\/immosolidair\/wp-content\/blogs.dir\/9\/files\/accueil\/igor.jpg\" alt=\"igor\" style=\"max-width: 600px; max-height: 450px; width: auto; height:auto; margin:auto\"><img decoding=\"async\" src=\"https:\/\/www.missterre.org\/blog\/immosolidair\/wp-content\/blogs.dir\/9\/files\/accueil\/7.jpg\" alt=\"7\" style=\"max-width: 600px; max-height: 450px; width: auto; height:auto; margin:auto\"><\/div><\/div>\n\n<script type=\"text\/javascript\">jQuery(document).ready(function($) {\r\n\t\t\tvar owl = $('#ngg_slideshow95251');\r\n\t\t\towl.owlCarousel({\r\n\t\t\t\titems: 1,\r\n\t\t\t\tautoHeight: false,\r\n\t            dots: false,\r\n\t            autoplay: true,\r\n\t\t\t\tautoplayTimeout: 5000,\r\n\t\t\t\tautoplayHoverPause: true,\r\n\t\t\t\tanimateIn: 'fadeIn',\r\n\t\t\t\tanimateOut: 'fadeOut',\r\n\t\t\t\tloop: true,\r\n\t\t\t\tmouseDrag: true,\r\n\t\t\t\ttouchDrag: true\r\n\t\t\t});\nowl.click( function () {\r\n                    owl.trigger( 'next.owl.carousel' );\r\n                } );});\n<\/script>\n","protected":false},"excerpt":{"rendered":"<p>ImmoSolidair est un projet pilote qui propose aux propri\u00e9taires de biens immeubles d&rsquo;offrir la r\u00e9gie de leur maison en vue de soutenir un projet \u00e0 finalit\u00e9 sociale ou solidaire qui leur tient \u00e0 c\u0153ur, tout en offrant aux locataires la cogestion de la valeur ajout\u00e9e pour r\u00e9aliser leur projet! Propri\u00e9taire, locataire et professionnel s&rsquo;associent et [&hellip;]<\/p>\n","protected":false},"author":2,"featured_media":0,"parent":0,"menu_order":0,"comment_status":"closed","ping_status":"closed","template":"","meta":{"footnotes":""},"_links":{"self":[{"href":"https:\/\/www.missterre.org\/blog\/immosolidair\/index.php?rest_route=\/wp\/v2\/pages\/525"}],"collection":[{"href":"https:\/\/www.missterre.org\/blog\/immosolidair\/index.php?rest_route=\/wp\/v2\/pages"}],"about":[{"href":"https:\/\/www.missterre.org\/blog\/immosolidair\/index.php?rest_route=\/wp\/v2\/types\/page"}],"author":[{"embeddable":true,"href":"https:\/\/www.missterre.org\/blog\/immosolidair\/index.php?rest_route=\/wp\/v2\/users\/2"}],"replies":[{"embeddable":true,"href":"https:\/\/www.missterre.org\/blog\/immosolidair\/index.php?rest_route=%2Fwp%2Fv2%2Fcomments&post=525"}],"version-history":[{"count":28,"href":"https:\/\/www.missterre.org\/blog\/immosolidair\/index.php?rest_route=\/wp\/v2\/pages\/525\/revisions"}],"predecessor-version":[{"id":1193,"href":"https:\/\/www.missterre.org\/blog\/immosolidair\/index.php?rest_route=\/wp\/v2\/pages\/525\/revisions\/1193"}],"wp:attachment":[{"href":"https:\/\/www.missterre.org\/blog\/immosolidair\/index.php?rest_route=%2Fwp%2Fv2%2Fmedia&parent=525"}],"curies":[{"name":"wp","href":"https:\/\/api.w.org\/{rel}","templated":true}]}}

Des maisons à projets Citoyen !

<h3 style="text-align: center;"><span style="font-family: tahoma,arial,helvetica,sans-serif;"><span style="color: #ff9900;">ImmoSolid<em>air</em></span> <span style="color: #808080;"><em>est un projet pilote qui propose aux propriétaires de biens immeubles d'offrir la régie de leur maison en vue de soutenir un projet à finalité sociale ou solidaire qui leur tient à cœur, tout en offrant aux locataires la cogestion de la valeur ajoutée pour réaliser leur projet!</em></span></span></h3>
<h3><strong><span style="font-family: tahoma,arial,helvetica,sans-serif; color: #808080;"><span style="color: #ff9900;">Propriétaire, locataire et professionnel</span> s'associent et chacun à son niveau peut jouer un rôle selon ses compétences. 33 % des loyers sont cogérés en cascade, du propriétaire au régisseur &amp; coordinateur puis aux résidents pour soutenir un projet commun citoyen. Ceci, via des participations actives et volontaires de chacun (résidents, propriétaires, intervenant externe...)  selon leurs souhaits et disponibilités.  Les parts participatives pour les locataires sont en déduction de parties de loyers.<br />
</span></strong></h3>
<ul>
<li style="text-align: left;">
<h3><span style="font-family: tahoma,arial,helvetica,sans-serif; color: #ff9900;">Selon une clé de répartition solidaire</span></h3>
</li>
</ul>
<ul>
<li style="text-align: left;">
<ul>
<li>
<h3><span style="font-family: tahoma,arial,helvetica,sans-serif; color: #808080;">Gestion du projet commun : 10 %</span></h3>
</li>
<li style="text-align: left;">
<h3><span style="font-family: tahoma,arial,helvetica,sans-serif; color: #808080;">Gestion administrative journalière : 10 %</span></h3>
</li>
<li style="text-align: left;">
<h3><span style="font-family: tahoma,arial,helvetica,sans-serif; color: #808080;">Maintenance &amp; pérennisation : 10 %</span></h3>
</li>
<li style="text-align: left;">
<h3><span style="font-family: tahoma,arial,helvetica,sans-serif; color: #808080;">Gestion juridique &amp; technique : 3 %</span></h3>
</li>
</ul>
</li>
</ul>
<p>&nbsp;</p>
<ul>
<li>
<h3><strong><span style="font-family: tahoma,arial,helvetica,sans-serif; color: #808080;">via un mandat-bail de gestion à but social (9 ans) ou un mandat de régisseur solidaire (3 ans) </span><span style="font-family: tahoma,arial,helvetica,sans-serif; color: #808080;">et un plan de maintenance/pérennisation du bien au service du projet,</span></strong></h3>
</li>
<li>
<h3><strong><span style="font-family: tahoma,arial,helvetica,sans-serif; color: #808080;">et une cogestion/ autogestion en cascade - du propriétaire au mandataire, au coordonnateur local, aux résidents coopérants. </span></strong></h3>
</li>
<li>
<h3><strong><span style="font-family: tahoma,arial,helvetica,sans-serif; color: #808080;">où chacun est responsable de sa participation (fonction, responsabilité, projet) et en lien (maintien du leadership).</span></strong></h3>
</li>
<li>
<h3><strong><span style="color: #808080;"><span style="font-family: tahoma,arial,helvetica,sans-serif;">réuni en une association (de fait) à but de profit solidaire (ABPS). Le profit est réalisation du projet commun</span></span></strong></h3>
</li>
</ul>
<p>le projet immoSolidair sera reproductible dès la réalisation du projet pilote de la première maison à projet <a href="https://www.missterre.org/blog/immosolidair/?page_id=107">la résidence human's land.</a></p>
<div class="slideshow"><div id="ngg_slideshow95251" class="ngg-slideshow owl-carousel" style="max-width: 600px; max-height: 450px;"><img decoding="async" src="https://www.missterre.org/blog/immosolidair/wp-content/blogs.dir/9/files/accueil/1.jpg" alt="1" style="max-width: 600px; max-height: 450px; width: auto; height:auto; margin:auto"><img decoding="async" src="https://www.missterre.org/blog/immosolidair/wp-content/blogs.dir/9/files/accueil/2.jpg" alt="2" style="max-width: 600px; max-height: 450px; width: auto; height:auto; margin:auto"><img decoding="async" src="https://www.missterre.org/blog/immosolidair/wp-content/blogs.dir/9/files/accueil/3.jpg" alt="3" style="max-width: 600px; max-height: 450px; width: auto; height:auto; margin:auto"><img decoding="async" src="https://www.missterre.org/blog/immosolidair/wp-content/blogs.dir/9/files/accueil/4.jpg" alt="4" style="max-width: 600px; max-height: 450px; width: auto; height:auto; margin:auto"><img decoding="async" src="https://www.missterre.org/blog/immosolidair/wp-content/blogs.dir/9/files/accueil/cedric_0.jpg" alt="cedric_0" style="max-width: 600px; max-height: 450px; width: auto; height:auto; margin:auto"><img decoding="async" src="https://www.missterre.org/blog/immosolidair/wp-content/blogs.dir/9/files/accueil/igor.jpg" alt="igor" style="max-width: 600px; max-height: 450px; width: auto; height:auto; margin:auto"><img decoding="async" src="https://www.missterre.org/blog/immosolidair/wp-content/blogs.dir/9/files/accueil/7.jpg" alt="7" style="max-width: 600px; max-height: 450px; width: auto; height:auto; margin:auto"></div></div>

<script type="text/javascript">jQuery(document).ready(function($) {
			var owl = $('#ngg_slideshow95251');
			owl.owlCarousel({
				items: 1,
				autoHeight: false,
	            dots: false,
	            autoplay: true,
				autoplayTimeout: 5000,
				autoplayHoverPause: true,
				animateIn: 'fadeIn',
				animateOut: 'fadeOut',
				loop: true,
				mouseDrag: true,
				touchDrag: true
			});
owl.click( function () {
                    owl.trigger( 'next.owl.carousel' );
                } );});
</script>

<p>ImmoSolidair est un projet pilote qui propose aux propriétaires de biens immeubles d&rsquo;offrir la régie de leur maison en vue de soutenir un projet à finalité sociale ou solidaire qui leur tient à cœur, tout en offrant aux locataires la cogestion de la valeur ajoutée pour réaliser leur projet! Propriétaire, locataire et professionnel s&rsquo;associent et [&hellip;]</p>
