{"id":508,"date":"2016-05-20T12:36:17","date_gmt":"2016-05-20T11:36:17","guid":{"rendered":"http:\/\/www.missterre.org\/blog\/immosolidair\/?page_id=508"},"modified":"2018-12-09T12:00:29","modified_gmt":"2018-12-09T11:00:29","slug":"immosolidair-une-a-b-p-s","status":"publish","type":"page","link":"https:\/\/www.missterre.org\/blog\/immosolidair\/?page_id=508","title":{"rendered":"Une association \u00e0 but de profit solidaire (A.B.P.S)"},"content":{"rendered":"<h3><span style=\"font-family: georgia,palatino,serif; color: #808080;\">A contrario des associations sans but de lucre<span style=\"color: #ff6600;\"> (ASBL)<\/span>, le concept d'association de fait \u00e0 but de profit solidaire <span style=\"color: #ff6600;\">(ABPS)<\/span> est d'utiliser la \"valeur ajout\u00e9e\" n\u00e9cessaire de l'\u00e9conomie marchande pour cr\u00e9er de la valeur humaine et du sens commun. <\/span><\/h3>\n<h3><span style=\"font-family: georgia,palatino,serif; color: #808080;\">Ainsi, <span style=\"color: #ff6600;\">la cogestion du profit financier<\/span> ( 33% pour le mod\u00e8le immoSolidair ) offre ce b\u00e9n\u00e9fice pour une finalit\u00e9 sociale, solidaire, humanitaire, culturelle, ou d'int\u00e9ret commun. <\/span><\/h3>\n<h3><span style=\"font-family: georgia,palatino,serif; color: #808080;\"><span style=\"color: #ff6600;\">Gr\u00e2ce \u00e0 la cogestion de cette marge b\u00e9n\u00e9ficiaire pour soutenir \"une bonne cause\", le travail de chacun devient la \"contribution\" au groupe d'int\u00e9r\u00eat citoyen<\/span>. Mais, ce profit est en m\u00eame temps, le moyen et le r\u00e9sultat de nos transitions citoyenne\u00a0: <span style=\"color: #ff6600;\">un b\u00e9n\u00e9fice-lien<\/span>, vivre ensemble par projet commun.<\/span><\/h3>\n<h3><span style=\"color: #808080;\"><span style=\"font-family: georgia,palatino,serif;\">Ce concept d'association \u00e0 but de profit solidaire est ainsi une <span style=\"color: #ff6600;\">DEVISE <\/span><\/span><span style=\"font-family: georgia,palatino,serif;\"><span style=\"color: #ff6600;\">d'entraide<\/span> pour r\u00e9aliser des missions ou projets. <\/span><span style=\"font-family: georgia,palatino,serif;\">A<\/span><span style=\"font-family: georgia,palatino,serif;\"> contrario de la MONNAIE (unit\u00e9 de \"valeur\")\u00a0 qui peut \u00eatre utilis\u00e9e \u00e0 bon ou mauvais escient.\u00a0\u00a0 <\/span><\/span><\/h3>\n<h3><span style=\"font-family: georgia,palatino,serif; color: #808080;\">Celle ci transforme la notion de la valeur ajout\u00e9e des produits et services en offrant enfin <span style=\"color: #ff6600;\">la plus-value humaine <\/span>\u00e0 nos transactions.\u00a0<\/span><\/h3>\n<h3><a name=\"Vers une p\u00e9dagogie de l'acceptation, l'action, et l'engagement citoyen ; ou un PLaisir Int\u00e9rieur Brut ?\"><\/a><span style=\"font-family: georgia,palatino,serif; color: #808080;\"> Les \"ABPS\" sont ainsi, des associations de personne qui ont pris pour devise de \"profiter\" ensemble des b\u00e9n\u00e9fices de leur entraide pour r\u00e9aliser leur projet. <\/span><\/h3>\n<h2 style=\"text-align: center;\"><span style=\"font-family: georgia,palatino,serif; color: #808080;\"><span style=\"color: #ff6600;\">La r\u00e9alisation du projet est le b\u00e9n\u00e9fice.<\/span><br \/>\n<\/span><\/h2>\n<h3><span style=\"font-family: georgia,palatino,serif; color: #808080;\">Elles s'organisent selon 7 principes g\u00e9n\u00e9raux qui r\u00e9sultent d'une contraction des principes des \u00e9conomies collaborative et participative, des 8 r\u00e8gles d'Ostrom <span style=\"color: #0000ff;\">( <a style=\"color: #0000ff;\" href=\"https:\/\/fr.wikipedia.org\/wiki\/Elinor_Ostrom\">prix nobel d<\/a><a style=\"color: #0000ff;\" href=\"https:\/\/fr.wikipedia.org\/wiki\/Elinor_Ostrom\">'<\/a><a style=\"color: #0000ff;\" href=\"https:\/\/fr.wikipedia.org\/wiki\/Elinor_Ostrom\">\u00e9conomie 2009<\/a>)<\/span>, et des r\u00e9cents r\u00e9sultats des th\u00e9ories cognitives et comportementalistes dites de la troisi\u00e8me vague. <span style=\"color: #0000ff;\">(<a style=\"color: #0000ff;\" href=\"https:\/\/contextualscience.org\/un_breviaire_en_francais\">a<\/a><a style=\"color: #0000ff;\" href=\"https:\/\/contextualscience.org\/un_breviaire_en_francais\">cceptance and commitment therapy<\/a>).<\/span><\/span><\/h3>\n<h3><span style=\"font-family: georgia,palatino,serif; color: #808080;\">L'objectif est d'utiliser l\u2019\u00e9nergie souvent perdue dans les syst\u00e8mes de protections et de d\u00e9fenses individuels et la lutte \"contre\" les probl\u00e8mes et conflits d\u2019int\u00e9r\u00eats, pour plut\u00f4t donner le sens que nous voulons \u00e0 nos vies en apprenant \u00e0 se mettre en \"correspondance\". En fait vivre - mieux \/ heureux - ensemble\u00a0: un b\u00e9n\u00e9fice-bienfait\u00a0!<\/span><\/h3>\n<p align=\"left\"><span style=\"font-family: georgia,palatino,serif;\"><span style=\"color: #ff6600;\"><span style=\"font-size: x-large;\">Qui fait quoi comment &amp; pourquoi<\/span><\/span><\/span><\/p>\n<p align=\"left\"><span style=\"font-family: georgia,palatino,serif;\"><span style=\"color: #808080;\"><span style=\"font-size: x-large;\">Les 7 principes des ABPS,\u00a0 pour donner du sens ensemble <\/span><\/span><\/span><\/p>\n<ul>\n<li><span style=\"font-family: georgia,palatino,serif;\"><span style=\"color: #ff6600;\"><span style=\"font-size: x-large;\">Autogestion<\/span><\/span><\/span><\/li>\n<li><span style=\"font-family: georgia,palatino,serif;\"><span style=\"color: #ff6600;\"><span style=\"font-size: x-large;\">Maintien du leadership<br \/>\n<\/span><\/span><\/span><\/li>\n<li><span style=\"font-family: georgia,palatino,serif;\"><span style=\"color: #ff6600;\"><span style=\"font-size: x-large;\">Entre personnes physiques<\/span><\/span><\/span><\/li>\n<li><span style=\"font-family: georgia,palatino,serif;\"><span style=\"color: #ff6600;\"><span style=\"font-size: x-large;\">Responsables et ind\u00e9pendantes<\/span><\/span><\/span><\/li>\n<li><span style=\"font-family: georgia,palatino,serif;\"><span style=\"color: #ff6600;\"><span style=\"font-size: x-large;\">R\u00e9unies autour d'un projet commun - clairement d\u00e9fini<br \/>\n<\/span><\/span><\/span><\/li>\n<li><span style=\"font-family: georgia,palatino,serif;\"><span style=\"color: #ff6600;\"><span style=\"font-size: x-large;\">Cogestion de la valeur ajout\u00e9e pour soutenir la cause d\u2019int\u00e9r\u00eat communs <\/span><\/span><\/span><\/li>\n<li><span style=\"font-family: georgia,palatino,serif;\"><span style=\"color: #ff6600;\"><span style=\"font-size: x-large;\">D\u00e9samor\u00e7age interne des conflits d\u2019int\u00e9r\u00eats pour le comm<\/span><\/span><span style=\"color: #ff6600;\"><span style=\"font-size: x-large;\">un.<\/span><\/span><\/span><\/li>\n<\/ul>\n<h2><span style=\"color: #000000; font-family: georgia,palatino,serif;\"><span style=\"font-size: x-large;\"><span style=\"font-size: small;\">\u00a0<\/span><\/span><\/span><\/h2>\n<p lang=\"fr-FR\" style=\"text-align: center;\"><span lang=\"fr-FR\">( pour stopper le d\u00e9filement automatique du slide mettez la souris sur l'image )<br \/>\n<\/span><\/p>\n<p style=\"text-align: center;\"><div class=\"slideshow\"><div id=\"ngg_slideshow85081\" class=\"ngg-slideshow owl-carousel\" style=\"max-width: 600px; max-height: 450px;\"><img decoding=\"async\" src=\"https:\/\/www.missterre.org\/blog\/immosolidair\/wp-content\/blogs.dir\/9\/files\/abps\/81.jpg\" alt=\"\" style=\"max-width: 600px; max-height: 450px; width: auto; height:auto; margin:auto\"><img decoding=\"async\" src=\"https:\/\/www.missterre.org\/blog\/immosolidair\/wp-content\/blogs.dir\/9\/files\/abps\/82.jpg\" alt=\"\" style=\"max-width: 600px; max-height: 450px; width: auto; height:auto; margin:auto\"><img decoding=\"async\" src=\"https:\/\/www.missterre.org\/blog\/immosolidair\/wp-content\/blogs.dir\/9\/files\/abps\/25.jpg\" alt=\"\" style=\"max-width: 600px; max-height: 450px; width: auto; height:auto; margin:auto\"><img decoding=\"async\" src=\"https:\/\/www.missterre.org\/blog\/immosolidair\/wp-content\/blogs.dir\/9\/files\/abps\/26.jpg\" alt=\"\" style=\"max-width: 600px; max-height: 450px; width: auto; height:auto; margin:auto\"><img decoding=\"async\" src=\"https:\/\/www.missterre.org\/blog\/immosolidair\/wp-content\/blogs.dir\/9\/files\/abps\/28.jpg\" alt=\"\" style=\"max-width: 600px; max-height: 450px; width: auto; height:auto; margin:auto\"><img decoding=\"async\" src=\"https:\/\/www.missterre.org\/blog\/immosolidair\/wp-content\/blogs.dir\/9\/files\/abps\/30.jpg\" alt=\"\" style=\"max-width: 600px; max-height: 450px; width: auto; height:auto; margin:auto\"><img decoding=\"async\" src=\"https:\/\/www.missterre.org\/blog\/immosolidair\/wp-content\/blogs.dir\/9\/files\/abps\/31.jpg\" alt=\"\" style=\"max-width: 600px; max-height: 450px; width: auto; height:auto; margin:auto\"><img decoding=\"async\" src=\"https:\/\/www.missterre.org\/blog\/immosolidair\/wp-content\/blogs.dir\/9\/files\/abps\/32.jpg\" alt=\"\" style=\"max-width: 600px; max-height: 450px; width: auto; height:auto; margin:auto\"><img decoding=\"async\" src=\"https:\/\/www.missterre.org\/blog\/immosolidair\/wp-content\/blogs.dir\/9\/files\/abps\/33.jpg\" alt=\"\" style=\"max-width: 600px; max-height: 450px; width: auto; height:auto; margin:auto\"><img decoding=\"async\" src=\"https:\/\/www.missterre.org\/blog\/immosolidair\/wp-content\/blogs.dir\/9\/files\/abps\/79_0.jpg\" alt=\"\" style=\"max-width: 600px; max-height: 450px; width: auto; height:auto; margin:auto\"><img decoding=\"async\" src=\"https:\/\/www.missterre.org\/blog\/immosolidair\/wp-content\/blogs.dir\/9\/files\/abps\/80_1.jpg\" alt=\"\" style=\"max-width: 600px; max-height: 450px; width: auto; height:auto; margin:auto\"><\/div><\/div>\n\n<script type=\"text\/javascript\">jQuery(document).ready(function($) {\r\n\t\t\tvar owl = $('#ngg_slideshow85081');\r\n\t\t\towl.owlCarousel({\r\n\t\t\t\titems: 1,\r\n\t\t\t\tautoHeight: false,\r\n\t            dots: false,\r\n\t            autoplay: true,\r\n\t\t\t\tautoplayTimeout: 5000,\r\n\t\t\t\tautoplayHoverPause: true,\r\n\t\t\t\tanimateIn: 'fadeIn',\r\n\t\t\t\tanimateOut: 'fadeOut',\r\n\t\t\t\tloop: true,\r\n\t\t\t\tmouseDrag: true,\r\n\t\t\t\ttouchDrag: true\r\n\t\t\t});\nowl.click( function () {\r\n                    owl.trigger( 'next.owl.carousel' );\r\n                } );});\n<\/script><\/p>\n<p style=\"text-align: center;\"><span style=\"color: #ff9900;\">L'association ImmoSolidair est membre du r\u00e9seau MissTerre.org :<br \/>\n<\/span><\/p>\n<h5 lang=\"fr-FR\" style=\"text-align: center;\"><\/h5>\n","protected":false},"excerpt":{"rendered":"<p>A contrario des associations sans but de lucre (ASBL), le concept d&rsquo;association de fait \u00e0 but de profit solidaire (ABPS) est d&rsquo;utiliser la \u00ab\u00a0valeur ajout\u00e9e\u00a0\u00bb n\u00e9cessaire de l&rsquo;\u00e9conomie marchande pour cr\u00e9er de la valeur humaine et du sens commun. Ainsi, la cogestion du profit financier ( 33% pour le mod\u00e8le immoSolidair ) offre ce b\u00e9n\u00e9fice [&hellip;]<\/p>\n","protected":false},"author":2,"featured_media":0,"parent":0,"menu_order":0,"comment_status":"closed","ping_status":"closed","template":"","meta":{"footnotes":""},"_links":{"self":[{"href":"https:\/\/www.missterre.org\/blog\/immosolidair\/index.php?rest_route=\/wp\/v2\/pages\/508"}],"collection":[{"href":"https:\/\/www.missterre.org\/blog\/immosolidair\/index.php?rest_route=\/wp\/v2\/pages"}],"about":[{"href":"https:\/\/www.missterre.org\/blog\/immosolidair\/index.php?rest_route=\/wp\/v2\/types\/page"}],"author":[{"embeddable":true,"href":"https:\/\/www.missterre.org\/blog\/immosolidair\/index.php?rest_route=\/wp\/v2\/users\/2"}],"replies":[{"embeddable":true,"href":"https:\/\/www.missterre.org\/blog\/immosolidair\/index.php?rest_route=%2Fwp%2Fv2%2Fcomments&post=508"}],"version-history":[{"count":22,"href":"https:\/\/www.missterre.org\/blog\/immosolidair\/index.php?rest_route=\/wp\/v2\/pages\/508\/revisions"}],"predecessor-version":[{"id":1102,"href":"https:\/\/www.missterre.org\/blog\/immosolidair\/index.php?rest_route=\/wp\/v2\/pages\/508\/revisions\/1102"}],"wp:attachment":[{"href":"https:\/\/www.missterre.org\/blog\/immosolidair\/index.php?rest_route=%2Fwp%2Fv2%2Fmedia&parent=508"}],"curies":[{"name":"wp","href":"https:\/\/api.w.org\/{rel}","templated":true}]}}