{"id":107,"date":"2014-03-16T20:15:41","date_gmt":"2014-03-16T19:15:41","guid":{"rendered":"http:\/\/www.missterre.org\/blog\/immosolidair\/?page_id=107"},"modified":"2021-11-29T10:47:54","modified_gmt":"2021-11-29T09:47:54","slug":"le-pied-a-terre","status":"publish","type":"page","link":"https:\/\/www.missterre.org\/blog\/immosolidair\/?page_id=107","title":{"rendered":"Human&rsquo;s land, la maison d&rsquo;explo citoyenne"},"content":{"rendered":"<p><span style=\"color: #333333;\"><span style=\"font-family: Purisa;\"><span style=\"font-size: large;\"><b>Human's land<\/b><\/span><\/span><\/span><span style=\"color: #808080;\"><span style=\"font-family: Liberation Sans,sans-serif;\"><span style=\"font-size: large;\"><b>, <span style=\"color: #ff9900;\">est un projet pilote de \"maison participative\"<\/span><\/b><\/span><\/span><\/span> <span style=\"color: #808080;\"><span style=\"font-family: Liberation Sans,sans-serif;\"><span style=\"font-size: large;\">dans le NW de Bruxelles inspir\u00e9 des habitats group\u00e9s plut\u00f4t r\u00e9serv\u00e9s aux propri\u00e9taires, mais selon un mod\u00e8le <\/span><\/span><\/span><span style=\"color: #808080;\"><span style=\"font-family: Liberation Sans,sans-serif;\"><span style=\"font-size: large;\"><b>pr\u00e9vu pour des locataires<\/b><\/span><\/span><\/span><span style=\"color: #808080;\"><span style=\"font-family: Liberation Sans,sans-serif;\"><span style=\"font-size: large;\">.<\/span><\/span><\/span><\/p>\n<p><span style=\"color: #333333;\"><span style=\"font-family: Purisa;\"><span style=\"font-size: large;\"><b>Human's land<\/b><\/span><\/span><\/span><span style=\"color: #808080;\"><span style=\"font-family: Liberation Sans,sans-serif;\"><span style=\"font-size: large;\"><b><span style=\"color: #333333;\">,<\/span> deviendra bient\u00f4t,\u00a0<span style=\"color: #ff9900;\"> la maison d'exploration citoyenne \u00e0 Bruxelles<\/span> : <\/b><\/span><\/span><\/span><span style=\"color: #808080;\"><span style=\"font-family: Liberation Sans, sans-serif;\"><span style=\"font-size: large;\"><span lang=\"fr-FR\">Elle repose sur le d\u00e9veloppement de 5 logements : 4 appartements autonomes aux \u00e9tages et un 5e logement au rez-de-chauss\u00e9e avec un \u00ab pas-de-porte \u00bb ouvert vers la rue. Celui-ci a pour destination d\u2019accueillir le projet associatif de la \u00ab maison d\u2019exploration citoyenne \u00bb dont l\u2019objet est\u00a0:<\/span><span style=\"color: #ff9900;\"><span lang=\"fr-FR\"> favoriser le lien et l\u2019entraide citoyenne via l\u2019habitat participatif.<\/span><\/span><\/span><\/span><\/span><\/p>\n<p><span style=\"color: #808080;\"><span style=\"font-family: Liberation Sans,sans-serif;\"><span style=\"font-size: large;\">Objectif : apprendre \u00e0 s'entraider... faire du profit solidaire.<br \/>\n<\/span><\/span><\/span><\/p>\n<p><strong><span style=\"color: #ff9900;\"><span style=\"font-family: Liberation Sans,sans-serif;\"><span style=\"font-size: large;\">Nous voyons cela comme un<\/span><\/span><span style=\"font-family: Liberation Sans,sans-serif;\"><span style=\"font-size: large;\">\u00a0<em>think tank<\/em> \"d'action et d'engagement citoyen\". <\/span><\/span><\/span><\/strong><span style=\"color: #808080;\"><span style=\"font-family: Liberation Sans,sans-serif;\"><span style=\"font-size: large;\">A la r\u00e9sidence <\/span><\/span><\/span><span style=\"color: #333333;\"><span style=\"font-family: Purisa;\"><span style=\"font-size: large;\"><b>Human's land <\/b><\/span><\/span><\/span><span style=\"color: #808080;\"><span style=\"font-family: Liberation Sans,sans-serif;\"><span style=\"font-size: large;\">nous vous proposons ces espaces pour nous r\u00e9unir avec nos projets \"citoyens\" <strong><span style=\"color: #333333;\">pour apprendre ensemble \u00e0 transiter des syst\u00e8mes d'\u00e9changes ( monnaie, troc, multitroc, monnaie alternative..) vers l'entraide pour developper ensemble <span style=\"color: #ff9900;\">UN<\/span> projet commun.<\/span><\/strong> <strong><span style=\"color: #333333;\"><span style=\"color: #808080;\">La r\u00e9alisation du projet devient le b\u00e9n\u00e9fice-lien\u00a0 <\/span><\/span><span style=\"color: #333333;\"><br \/>\n<\/span><\/strong><\/span><\/span><\/span><\/p>\n<p style=\"text-align: center;\"><span style=\"color: #ff9900; background-color: #ffffff;\"><span style=\"font-family: Liberation Sans,sans-serif;\"><span style=\"font-size: large; background-color: #ffffff;\"><strong>C'est l'exploration citoyenne!<\/strong><\/span><\/span><\/span><\/p>\n<p><span style=\"color: #808080;\"><span style=\"font-family: Liberation Sans, sans-serif;\"><span style=\"font-size: large;\">La premi\u00e8re exploratoin est la r\u00e9alisation de la maison dans une dynamique de simplicit\u00e9 volontaire et participative. <\/span><\/span><\/span><\/p>\n<p><span style=\"color: #808080;\"><span style=\"font-family: Liberation Sans, sans-serif;\"><span style=\"font-size: large;\">\u00c0 la maison chacun d\u00e9veloppe et est responsable de son propre projet en toute autonomie. Ainsi le d\u00e9veloppement du projet personnel de chacun ( pro ou perso ) prend du sens dans un ensemble. Par l'apport de chacun, la r\u00e9alisation du projet commun devient le b\u00e9n\u00e9fice-lien. <\/span><\/span><\/span><\/p>\n<p><span style=\"color: #808080;\"><span style=\"font-family: Liberation Sans,sans-serif;\"><span style=\"font-size: large;\">Ce lieu et tout ce qui est \"commun\" dans la maison sont <\/span><\/span><\/span><span style=\"color: #ff9900;\"><span style=\"font-family: Liberation Sans,sans-serif;\"><span style=\"font-size: large;\"><b>autog\u00e9r\u00e9s par les r\u00e9sidents et coworkers. <\/b><\/span><\/span><\/span><span style=\"color: #808080;\"><span style=\"font-family: Liberation Sans,sans-serif;\"><span style=\"font-size: large;\">Un locataire et \/ou responsable coordonne le tout, selon un plan de maintenance \u00e9tabli annuellement avec le propri\u00e9taire et\/ou un gestionnaire de bien mandat\u00e9 \u00e0 cet effet. Nous pratiquons une <span style=\"color: #333333;\">cogestion en cascade, de la plus value de la rente immobili\u00e8re ( 33%)<\/span> qui est r\u00e9partie selon ne cl\u00e9 de r\u00e9partition, afin de rendre possible la coop\u00e9ration pour utiliser, am\u00e9liorer, transformer les lieux. Avec des modalit\u00e9s d'ex\u00e9cution favorisant l\u2019int\u00e9r\u00eat de tous via un juste partage des responsabilit\u00e9s pour notre projet commun : <\/span><\/span><\/span><span style=\"font-family: Liberation Sans,sans-serif; color: #ff6600;\"><span style=\"font-size: large;\"><span style=\"color: #ff9900;\">favoriser l'entraide pour les projets de transition.<\/span> <\/span><\/span><\/p>\n<p><span style=\"color: #808080;\"><span style=\"font-family: Liberation Sans, sans-serif;\"><span style=\"font-size: large;\">Il y a 3 types de participant\u00a0: <\/span><\/span><\/span><\/p>\n<p><span style=\"color: #808080;\"><span style=\"font-family: Liberation Sans, sans-serif;\"><span style=\"font-size: large;\">pour info voir <a href=\"https:\/\/www.missterre.org\/blog\/immosolidair\/?page_id=188\">collaborer et coop\u00e9rer\u00a0 <\/a><\/span><\/span><\/span><\/p>\n<p align=\"justify\"><span style=\"color: #808080;\"><span style=\"font-family: Liberation Sans, sans-serif;\"><span style=\"font-size: large;\"><span style=\"color: #ff9900;\">Les r\u00e9sidents \u00e0 titre principal\u00a0:<\/span>\u00a0I<\/span><\/span><\/span><span style=\"color: #808080;\"><span style=\"font-family: Liberation Sans, sans-serif;\"><span style=\"font-size: large;\">ls vivent \u00e0 la maison dans leurs appartements. Ils ont un bail de r\u00e9sidence principale et une convention de r\u00e9sident. Leur participation ( mission\/ projet )\u00a0 y est indiqu\u00e9e telle qu'entendue. celle-ci pr\u00e9sente les avantages et les engagements de chacun. ( voir les appartements \u00e0 louer ici ) <\/span><\/span><\/span><\/p>\n<p align=\"justify\"><span style=\"color: #808080;\"><span style=\"font-family: Liberation Sans, sans-serif;\"><span style=\"font-size: large;\"><span style=\"color: #ff9900;\">Les coworkers :<\/span>\u00a0I<\/span><\/span><\/span><span style=\"color: #808080;\"><span style=\"font-family: Liberation Sans, sans-serif;\"><span style=\"font-size: large;\">ls sont les colocataires de l'espace de coworking (co-travail) coordonn\u00e9 par un locataire principal responsable de l'espace de coworking.<br \/>\n<\/span><\/span><\/span><\/p>\n<p><span style=\"color: #808080;\"><span style=\"font-family: Liberation Sans, sans-serif;\"><span style=\"font-size: large;\"><span style=\"color: #ff9900;\">Les intervenants externes\u00a0:<\/span> Ce sont des citoyens actifs dans la transition. <\/span><\/span><\/span><\/p>\n<p><span style=\"color: #808080;\"><span style=\"font-family: Liberation Sans, sans-serif;\"><span style=\"font-size: large;\">Chacun dans leurs domaines offrent leur contribution en argent ( d\u00e9duction de loyer pour les locataires) et\/ou en donnant du temps pour soutenir le projet qui les int\u00e9resse, ou simplement en donnant sans objectif de contre-don. <\/span><\/span><\/span><span style=\"color: #808080;\"><span style=\"font-family: Liberation Sans, sans-serif;\"><span style=\"font-size: large;\">(donner = se r\u00e9aliser \/ r\u00e9aliser son propre projet &amp; co-construire Notre maison d'explo citoyenne.<\/span><\/span><\/span><\/p>\n<p><span style=\"color: #808080;\"><span style=\"font-family: Liberation Sans, sans-serif;\"><span style=\"font-size: large;\">les soir\u00e9es tables d'h\u00f4tes ont pour objectif de pr\u00e9senter les diff\u00e9rents projets et financer \/ soutenir le projet pr\u00e9sent\u00e9.<\/span><\/span><\/span><\/p>\n<p><span style=\"color: #808080;\"><span style=\"font-family: Liberation Sans,sans-serif;\"><span style=\"font-size: medium;\">\u00a0<\/span><\/span><\/span><\/p>\n<h5><img loading=\"lazy\" decoding=\"async\" class=\"aligncenter\" src=\"http:\/\/www.missterre.org\/blog\/immosolidair\/files\/2014\/03\/couloir2.jpg\" width=\"392\" height=\"523\" \/><\/h5>\n","protected":false},"excerpt":{"rendered":"<p>Human&rsquo;s land, est un projet pilote de \u00ab\u00a0maison participative\u00a0\u00bb dans le NW de Bruxelles inspir\u00e9 des habitats group\u00e9s plut\u00f4t r\u00e9serv\u00e9s aux propri\u00e9taires, mais selon un mod\u00e8le pr\u00e9vu pour des locataires. Human&rsquo;s land, deviendra bient\u00f4t,\u00a0 la maison d&rsquo;exploration citoyenne \u00e0 Bruxelles : Elle repose sur le d\u00e9veloppement de 5 logements : 4 appartements autonomes aux \u00e9tages [&hellip;]<\/p>\n","protected":false},"author":4,"featured_media":0,"parent":0,"menu_order":0,"comment_status":"closed","ping_status":"closed","template":"","meta":{"footnotes":""},"_links":{"self":[{"href":"https:\/\/www.missterre.org\/blog\/immosolidair\/index.php?rest_route=\/wp\/v2\/pages\/107"}],"collection":[{"href":"https:\/\/www.missterre.org\/blog\/immosolidair\/index.php?rest_route=\/wp\/v2\/pages"}],"about":[{"href":"https:\/\/www.missterre.org\/blog\/immosolidair\/index.php?rest_route=\/wp\/v2\/types\/page"}],"author":[{"embeddable":true,"href":"https:\/\/www.missterre.org\/blog\/immosolidair\/index.php?rest_route=\/wp\/v2\/users\/4"}],"replies":[{"embeddable":true,"href":"https:\/\/www.missterre.org\/blog\/immosolidair\/index.php?rest_route=%2Fwp%2Fv2%2Fcomments&post=107"}],"version-history":[{"count":65,"href":"https:\/\/www.missterre.org\/blog\/immosolidair\/index.php?rest_route=\/wp\/v2\/pages\/107\/revisions"}],"predecessor-version":[{"id":1205,"href":"https:\/\/www.missterre.org\/blog\/immosolidair\/index.php?rest_route=\/wp\/v2\/pages\/107\/revisions\/1205"}],"wp:attachment":[{"href":"https:\/\/www.missterre.org\/blog\/immosolidair\/index.php?rest_route=%2Fwp%2Fv2%2Fmedia&parent=107"}],"curies":[{"name":"wp","href":"https:\/\/api.w.org\/{rel}","templated":true}]}}

<p><span style="color: #333333;"><span style="font-family: Purisa;"><span style="font-size: large;"><b>Human's land</b></span></span></span><span style="color: #808080;"><span style="font-family: Liberation Sans,sans-serif;"><span style="font-size: large;"><b>, <span style="color: #ff9900;">est un projet pilote de "maison participative"</span></b></span></span></span> <span style="color: #808080;"><span style="font-family: Liberation Sans,sans-serif;"><span style="font-size: large;">dans le NW de Bruxelles inspiré des habitats groupés plutôt réservés aux propriétaires, mais selon un modèle </span></span></span><span style="color: #808080;"><span style="font-family: Liberation Sans,sans-serif;"><span style="font-size: large;"><b>prévu pour des locataires</b></span></span></span><span style="color: #808080;"><span style="font-family: Liberation Sans,sans-serif;"><span style="font-size: large;">.</span></span></span></p>
<p><span style="color: #333333;"><span style="font-family: Purisa;"><span style="font-size: large;"><b>Human's land</b></span></span></span><span style="color: #808080;"><span style="font-family: Liberation Sans,sans-serif;"><span style="font-size: large;"><b><span style="color: #333333;">,</span> deviendra bientôt, <span style="color: #ff9900;"> la maison d'exploration citoyenne à Bruxelles</span> : </b></span></span></span><span style="color: #808080;"><span style="font-family: Liberation Sans, sans-serif;"><span style="font-size: large;"><span lang="fr-FR">Elle repose sur le développement de 5 logements : 4 appartements autonomes aux étages et un 5e logement au rez-de-chaussée avec un « pas-de-porte » ouvert vers la rue. Celui-ci a pour destination d’accueillir le projet associatif de la « maison d’exploration citoyenne » dont l’objet est :</span><span style="color: #ff9900;"><span lang="fr-FR"> favoriser le lien et l’entraide citoyenne via l’habitat participatif.</span></span></span></span></span></p>
<p><span style="color: #808080;"><span style="font-family: Liberation Sans,sans-serif;"><span style="font-size: large;">Objectif : apprendre à s'entraider... faire du profit solidaire.<br />
</span></span></span></p>
<p><strong><span style="color: #ff9900;"><span style="font-family: Liberation Sans,sans-serif;"><span style="font-size: large;">Nous voyons cela comme un</span></span><span style="font-family: Liberation Sans,sans-serif;"><span style="font-size: large;"> <em>think tank</em> "d'action et d'engagement citoyen". </span></span></span></strong><span style="color: #808080;"><span style="font-family: Liberation Sans,sans-serif;"><span style="font-size: large;">A la résidence </span></span></span><span style="color: #333333;"><span style="font-family: Purisa;"><span style="font-size: large;"><b>Human's land </b></span></span></span><span style="color: #808080;"><span style="font-family: Liberation Sans,sans-serif;"><span style="font-size: large;">nous vous proposons ces espaces pour nous réunir avec nos projets "citoyens" <strong><span style="color: #333333;">pour apprendre ensemble à transiter des systèmes d'échanges ( monnaie, troc, multitroc, monnaie alternative..) vers l'entraide pour developper ensemble <span style="color: #ff9900;">UN</span> projet commun.</span></strong> <strong><span style="color: #333333;"><span style="color: #808080;">La réalisation du projet devient le bénéfice-lien  </span></span><span style="color: #333333;"><br />
</span></strong></span></span></span></p>
<p style="text-align: center;"><span style="color: #ff9900; background-color: #ffffff;"><span style="font-family: Liberation Sans,sans-serif;"><span style="font-size: large; background-color: #ffffff;"><strong>C'est l'exploration citoyenne!</strong></span></span></span></p>
<p><span style="color: #808080;"><span style="font-family: Liberation Sans, sans-serif;"><span style="font-size: large;">La première exploratoin est la réalisation de la maison dans une dynamique de simplicité volontaire et participative. </span></span></span></p>
<p><span style="color: #808080;"><span style="font-family: Liberation Sans, sans-serif;"><span style="font-size: large;">À la maison chacun développe et est responsable de son propre projet en toute autonomie. Ainsi le développement du projet personnel de chacun ( pro ou perso ) prend du sens dans un ensemble. Par l'apport de chacun, la réalisation du projet commun devient le bénéfice-lien. </span></span></span></p>
<p><span style="color: #808080;"><span style="font-family: Liberation Sans,sans-serif;"><span style="font-size: large;">Ce lieu et tout ce qui est "commun" dans la maison sont </span></span></span><span style="color: #ff9900;"><span style="font-family: Liberation Sans,sans-serif;"><span style="font-size: large;"><b>autogérés par les résidents et coworkers. </b></span></span></span><span style="color: #808080;"><span style="font-family: Liberation Sans,sans-serif;"><span style="font-size: large;">Un locataire et /ou responsable coordonne le tout, selon un plan de maintenance établi annuellement avec le propriétaire et/ou un gestionnaire de bien mandaté à cet effet. Nous pratiquons une <span style="color: #333333;">cogestion en cascade, de la plus value de la rente immobilière ( 33%)</span> qui est répartie selon ne clé de répartition, afin de rendre possible la coopération pour utiliser, améliorer, transformer les lieux. Avec des modalités d'exécution favorisant l’intérêt de tous via un juste partage des responsabilités pour notre projet commun : </span></span></span><span style="font-family: Liberation Sans,sans-serif; color: #ff6600;"><span style="font-size: large;"><span style="color: #ff9900;">favoriser l'entraide pour les projets de transition.</span> </span></span></p>
<p><span style="color: #808080;"><span style="font-family: Liberation Sans, sans-serif;"><span style="font-size: large;">Il y a 3 types de participant : </span></span></span></p>
<p><span style="color: #808080;"><span style="font-family: Liberation Sans, sans-serif;"><span style="font-size: large;">pour info voir <a href="https://www.missterre.org/blog/immosolidair/?page_id=188">collaborer et coopérer  </a></span></span></span></p>
<p align="justify"><span style="color: #808080;"><span style="font-family: Liberation Sans, sans-serif;"><span style="font-size: large;"><span style="color: #ff9900;">Les résidents à titre principal :</span> I</span></span></span><span style="color: #808080;"><span style="font-family: Liberation Sans, sans-serif;"><span style="font-size: large;">ls vivent à la maison dans leurs appartements. Ils ont un bail de résidence principale et une convention de résident. Leur participation ( mission/ projet )  y est indiquée telle qu'entendue. celle-ci présente les avantages et les engagements de chacun. ( voir les appartements à louer ici ) </span></span></span></p>
<p align="justify"><span style="color: #808080;"><span style="font-family: Liberation Sans, sans-serif;"><span style="font-size: large;"><span style="color: #ff9900;">Les coworkers :</span> I</span></span></span><span style="color: #808080;"><span style="font-family: Liberation Sans, sans-serif;"><span style="font-size: large;">ls sont les colocataires de l'espace de coworking (co-travail) coordonné par un locataire principal responsable de l'espace de coworking.<br />
</span></span></span></p>
<p><span style="color: #808080;"><span style="font-family: Liberation Sans, sans-serif;"><span style="font-size: large;"><span style="color: #ff9900;">Les intervenants externes :</span> Ce sont des citoyens actifs dans la transition. </span></span></span></p>
<p><span style="color: #808080;"><span style="font-family: Liberation Sans, sans-serif;"><span style="font-size: large;">Chacun dans leurs domaines offrent leur contribution en argent ( déduction de loyer pour les locataires) et/ou en donnant du temps pour soutenir le projet qui les intéresse, ou simplement en donnant sans objectif de contre-don. </span></span></span><span style="color: #808080;"><span style="font-family: Liberation Sans, sans-serif;"><span style="font-size: large;">(donner = se réaliser / réaliser son propre projet &amp; co-construire Notre maison d'explo citoyenne.</span></span></span></p>
<p><span style="color: #808080;"><span style="font-family: Liberation Sans, sans-serif;"><span style="font-size: large;">les soirées tables d'hôtes ont pour objectif de présenter les différents projets et financer / soutenir le projet présenté.</span></span></span></p>
<p><span style="color: #808080;"><span style="font-family: Liberation Sans,sans-serif;"><span style="font-size: medium;"> </span></span></span></p>
<h5><img loading="lazy" decoding="async" class="aligncenter" src="http://www.missterre.org/blog/immosolidair/files/2014/03/couloir2.jpg" width="392" height="523" /></h5>

<p>Human&rsquo;s land, est un projet pilote de « maison participative » dans le NW de Bruxelles inspiré des habitats groupés plutôt réservés aux propriétaires, mais selon un modèle prévu pour des locataires. Human&rsquo;s land, deviendra bientôt,  la maison d&rsquo;exploration citoyenne à Bruxelles : Elle repose sur le développement de 5 logements : 4 appartements autonomes aux étages [&hellip;]</p>
