{"id":965,"date":"2018-11-28T12:35:04","date_gmt":"2018-11-28T11:35:04","guid":{"rendered":"https:\/\/www.missterre.org\/blog\/immosolidair\/?page_id=965"},"modified":"2018-12-09T10:41:22","modified_gmt":"2018-12-09T09:41:22","slug":"des-proprietaires-liberes","status":"publish","type":"page","link":"http:\/\/www.missterre.org\/blog\/immosolidair\/?page_id=965","title":{"rendered":"Des propri\u00e9taires lib\u00e9r\u00e9s !"},"content":{"rendered":"<h2><span style=\"color: #ff9900;\">De la gestion en commun d'un bien priv\u00e9 \u00e0 la cogestion des biens communs\u00a0:<\/span><\/h2>\n<h3><span style=\"color: #808080;\">Outre le fait que le propri\u00e9taire offre la r\u00e9gie de son bien \u00e0 un mandataire,\u00a0 tout en sauvegardant 67% de sa rente immobili\u00e8re; trois mois avant l'\u00e9ch\u00e9ance du mandat de gestion \u00e0 but social de 9 ans, il est offert au propri\u00e9taire la garantie de la gestion \/ cogestion \u00e0 vie aux m\u00eames conditions sociale et solidaire qu'il soutient, via le leg du bien priv\u00e9 \u00e0 la fondation MissTerre, <em>pour les biens communs<\/em>. Ceci en une, deux ou trois g\u00e9n\u00e9rations, aux conditions de 33, 40 et 50 % des revenus locatifs selon sa composition de famille - avec ou sans h\u00e9ritiers.<\/span><\/h3>\n","protected":false},"excerpt":{"rendered":"<p>De la gestion en commun d&rsquo;un bien priv\u00e9 \u00e0 la cogestion des biens communs\u00a0: Outre le fait que le propri\u00e9taire offre la r\u00e9gie de son bien \u00e0 un mandataire,\u00a0 tout en sauvegardant 67% de sa rente immobili\u00e8re; trois mois avant l&rsquo;\u00e9ch\u00e9ance du mandat de gestion \u00e0 but social de 9 ans, il est offert au [&hellip;]<\/p>\n","protected":false},"author":4,"featured_media":0,"parent":525,"menu_order":0,"comment_status":"closed","ping_status":"closed","template":"","meta":{"footnotes":""},"_links":{"self":[{"href":"http:\/\/www.missterre.org\/blog\/immosolidair\/index.php?rest_route=\/wp\/v2\/pages\/965"}],"collection":[{"href":"http:\/\/www.missterre.org\/blog\/immosolidair\/index.php?rest_route=\/wp\/v2\/pages"}],"about":[{"href":"http:\/\/www.missterre.org\/blog\/immosolidair\/index.php?rest_route=\/wp\/v2\/types\/page"}],"author":[{"embeddable":true,"href":"http:\/\/www.missterre.org\/blog\/immosolidair\/index.php?rest_route=\/wp\/v2\/users\/4"}],"replies":[{"embeddable":true,"href":"http:\/\/www.missterre.org\/blog\/immosolidair\/index.php?rest_route=%2Fwp%2Fv2%2Fcomments&post=965"}],"version-history":[{"count":8,"href":"http:\/\/www.missterre.org\/blog\/immosolidair\/index.php?rest_route=\/wp\/v2\/pages\/965\/revisions"}],"predecessor-version":[{"id":1100,"href":"http:\/\/www.missterre.org\/blog\/immosolidair\/index.php?rest_route=\/wp\/v2\/pages\/965\/revisions\/1100"}],"up":[{"embeddable":true,"href":"http:\/\/www.missterre.org\/blog\/immosolidair\/index.php?rest_route=\/wp\/v2\/pages\/525"}],"wp:attachment":[{"href":"http:\/\/www.missterre.org\/blog\/immosolidair\/index.php?rest_route=%2Fwp%2Fv2%2Fmedia&parent=965"}],"curies":[{"name":"wp","href":"https:\/\/api.w.org\/{rel}","templated":true}]}}

Des propriétaires libérés !

<h2><span style="color: #ff9900;">De la gestion en commun d'un bien privé à la cogestion des biens communs :</span></h2>
<h3><span style="color: #808080;">Outre le fait que le propriétaire offre la régie de son bien à un mandataire,  tout en sauvegardant 67% de sa rente immobilière; trois mois avant l'échéance du mandat de gestion à but social de 9 ans, il est offert au propriétaire la garantie de la gestion / cogestion à vie aux mêmes conditions sociale et solidaire qu'il soutient, via le leg du bien privé à la fondation MissTerre, <em>pour les biens communs</em>. Ceci en une, deux ou trois générations, aux conditions de 33, 40 et 50 % des revenus locatifs selon sa composition de famille - avec ou sans héritiers.</span></h3>

<p>De la gestion en commun d&rsquo;un bien privé à la cogestion des biens communs : Outre le fait que le propriétaire offre la régie de son bien à un mandataire,  tout en sauvegardant 67% de sa rente immobilière; trois mois avant l&rsquo;échéance du mandat de gestion à but social de 9 ans, il est offert au [&hellip;]</p>
