{"id":3153,"date":"2013-12-23T16:36:13","date_gmt":"2013-12-23T15:36:13","guid":{"rendered":"http:\/\/www.missterre.org\/blog\/explo\/?page_id=3153"},"modified":"2014-11-08T13:31:23","modified_gmt":"2014-11-08T12:31:23","slug":"mon-commercant-change-le-monde","status":"publish","type":"page","link":"http:\/\/www.missterre.org\/blog\/explo\/?page_id=3153","title":{"rendered":"Mon commer\u00e7ant change le monde"},"content":{"rendered":"<blockquote>\n<p style=\"text-align: center;\"><cite><span style=\"font-size: medium;\"><cite>Le commerce est la base des \u00e9changes entre les hommes.<\/cite><\/span><\/cite><\/p>\n<p style=\"text-align: justify;\"><cite><span style=\"font-size: small;\"><cite>De ces \u00e9changes d\u00e9coulent la satisfaction de nos besoins. Qu&rsquo;est ce qui rend heureux ? Satisfaire nos besoins ou partager nos satisfactions ?<\/cite><\/span><\/cite><\/p>\n<p style=\"text-align: justify;\"><cite><span style=\"font-size: small;\"><cite><cite>Le petit commer\u00e7ant offre ses services mais a de plus en plus de mal \u00e0 concurrencer les multinationales. Et le service se perd. Ce service est cette relation humaine qui nous apporte la confiance n\u00e9cessaire\u00a0 pour continuer \u00e0 partager. Chacun \u00e0 son niveau peut jouer un r\u00f4le pour sauvegarder le commerce de proximit\u00e9.<\/cite><\/cite><\/span><\/cite><\/p>\n<p style=\"text-align: justify;\"><cite><span style=\"font-size: small;\"><cite><cite>Ce commer\u00e7ant voisin est le LIEN entre le distributeur et le consommateur. Comment faire pour lui redonner sa force? La possibilit\u00e9 de retourner un produit en garantie, voire demander le remboursement d&rsquo;un mauvais produit ? Ou simplement prendre le temps d&rsquo;offrir g\u00e9n\u00e9reusement ses conseils ? Trouver une autre force : celle du partage, de l&rsquo;entraide et de la solidarit\u00e9 : se rendre compte que faire du commerce, c&rsquo;est rendre service, et\u00a0 que \u00e7a doit faire plaisir !<br \/>\n<\/cite><\/cite><\/span><\/cite><\/p>\n<p style=\"text-align: justify;\"><cite><span style=\"font-size: small;\"><cite><cite>Le compl\u00e9ment indispensable de ce commerce responsable est le t\u00e9moignage de notre reconnaissance : alors si un commer\u00e7ant vous a fait plaisir, vous pouvez lui dire MERCI!<\/cite><\/cite><\/span><\/cite><\/p>\n<h2 style=\"text-align: center;\"><cite>Nous pouvons apporter une plus-value solidaire :<br \/>\nfaire plaisir, dire merci !<\/cite><\/h2>\n<h2 style=\"text-align: center;\"><cite>Devenez membre de notre bourse multilat\u00e9rale d&rsquo;\u00e9change et d&rsquo;entraide \u00e0 but humanitaire : <a title=\"subscribe\" href=\"http:\/\/www.missterre.org\/blog\/login-3\/?loggedout=true\" target=\"_blank\">vivre autrement !<\/a><\/cite><\/h2>\n<\/blockquote>\n","protected":false},"excerpt":{"rendered":"<p>Le commerce est la base des \u00e9changes entre les hommes. De ces \u00e9changes d\u00e9coulent la satisfaction de nos besoins. Qu&rsquo;est ce qui rend heureux ? Satisfaire nos besoins ou partager nos satisfactions ? Le petit commer\u00e7ant offre ses services mais a de plus en plus de mal \u00e0 concurrencer les multinationales. Et le service se <a class=\"read-more-link\" href=\"http:\/\/www.missterre.org\/blog\/explo\/?page_id=3153\"><br \/>&#8230;read more<\/a><\/p>\n","protected":false},"author":2,"featured_media":0,"parent":0,"menu_order":3,"comment_status":"closed","ping_status":"open","template":"","meta":{"footnotes":""},"_links":{"self":[{"href":"http:\/\/www.missterre.org\/blog\/explo\/index.php?rest_route=\/wp\/v2\/pages\/3153"}],"collection":[{"href":"http:\/\/www.missterre.org\/blog\/explo\/index.php?rest_route=\/wp\/v2\/pages"}],"about":[{"href":"http:\/\/www.missterre.org\/blog\/explo\/index.php?rest_route=\/wp\/v2\/types\/page"}],"author":[{"embeddable":true,"href":"http:\/\/www.missterre.org\/blog\/explo\/index.php?rest_route=\/wp\/v2\/users\/2"}],"replies":[{"embeddable":true,"href":"http:\/\/www.missterre.org\/blog\/explo\/index.php?rest_route=%2Fwp%2Fv2%2Fcomments&post=3153"}],"version-history":[{"count":0,"href":"http:\/\/www.missterre.org\/blog\/explo\/index.php?rest_route=\/wp\/v2\/pages\/3153\/revisions"}],"wp:attachment":[{"href":"http:\/\/www.missterre.org\/blog\/explo\/index.php?rest_route=%2Fwp%2Fv2%2Fmedia&parent=3153"}],"curies":[{"name":"wp","href":"https:\/\/api.w.org\/{rel}","templated":true}]}}